(4)?
1
Suppose -105*o = -109*o + 2*w + 2266, 3*o + 3*w = 1722. What is the units digit of o?
9
Suppose 17 = u + 14. What is the tens digit of ((-7)/(7/2))/(u/(-72))?
4
Suppose 0 = 3*v - 2*q + q - 768, -5*q = 0. What is the units digit of v?
6
Let k = 463 + -461. What is the units digit of k?
2
Let d(r) = r**2 + 15*r - 17. Let t be d(-16). What is the tens digit of -171*(1/3)/t?
5
Let f = -573 + 903. What is the tens digit of f?
3
Let q(w) = 7*w - 154. What is the units digit of q(29)?
9
Suppose -4*s = -3*o - 6*s + 30, -4*s = -5*o + 50. Let j = o - 10. Suppose j*l + l - 14 = 0. What is the units digit of l?
4
Suppose 0 = 3*f - 2*x - 1489, -4*x - 358 = 2*f - 1372. What is the hundreds digit of f?
4
Let h(m) = m**3 + 7*m**2 + 12*m - 6. Let u be h(-7). Let z = 203 + u. What is the hundreds digit of z?
1
Let j(g) = g**2 - 7*g + 10. Let h be j(3). What is the tens digit of (-1064)/(-72) + h/(-9) + 0?
1
Let g(h) = 8*h**2 - 4*h**2 - 2 + 2*h**2 - 2*h. Let t be g(2). Suppose t*w = 13*w + 20. What is the units digit of w?
4
Suppose 0 = 5*d + w - 1005, -8*d + 3*d = -2*w - 990. What is the hundreds digit of d?
2
Suppose 17*b + 230 = 22*b. Suppose 0 = t - h - 16, -2*t = -t + 5*h - b. Suppose 0 = -4*i + t + 59. What is the units digit of i?
0
Let i be 34/8 - (-2)/(-8). Suppose -5*q + 10*t - 9*t + 13 = 0, 3*t = q - 11. Suppose 4*b - q*b = i. What is the units digit of b?
2
Suppose -252 = 9*k - 2*k. Let g = 21 - k. What is the units digit of g?
7
Let z(u) = 8*u**3 - 2*u**2 + u. Let m be z(1). Let a(g) = -g**2 + 12*g - 26. Let x be a(9). Suppose x - m = -3*j. What is the units digit of j?
2
What is the tens digit of 4/104*4 + (-864662)/(-299)?
9
Suppose 0 = -3*o + 205 + 38. Let x = o + -67. What is the tens digit of x?
1
Let z(l) = -l**2 - 7*l + 19. Suppose -3*d - 19 - 8 = 0. Let w be z(d). Suppose x - 28 = -w. What is the units digit of x?
7
Let d = 1275 - 874. What is the tens digit of d?
0
Let a(b) = -3*b - 2. Let d be a(5). Let f(w) = -w**2 - 18*w + 5. What is the tens digit of f(d)?
2
Suppose 3*z = 4*z - 5*p - 391, z = p + 411. What is the hundreds digit of z?
4
Let k(c) = 495*c + 1036. What is the thousands digit of k(6)?
4
Let d be (-4 - -7)/3*2. Suppose 2*p - 5*o = 156 + 7, 0 = -p + d*o + 81. Suppose p = 2*m + 23. What is the units digit of m?
8
Suppose -3*q = -p - 6, 4 = p - 4*q + 8. Let g(f) = -f**3 - 13*f**2 - 17*f - 12. What is the units digit of g(p)?
8
Suppose 13115 = 8*k - 309. What is the hundreds digit of k?
6
Let o(p) = -5*p + 2. Let y be o(-4). Suppose y = -2*g + 6. What is the tens digit of 2/(-2) + 3 - g?
1
Let w(m) = -68*m**2 + m + 5. Let b(c) = -c**2 + 1. Let q(g) = 6*b(g) - w(g). What is the tens digit of q(1)?
6
What is the hundreds digit of -118*(-7 - -4) - -5?
3
Suppose s = -8*s + 63. Suppose 146 = l - 4*z, 3*z - s*z + 518 = 3*l. What is the tens digit of l?
6
Let j(x) = x - 4. Let o be j(-6). Let b(g) be the second derivative of -g**4/12 - 2*g**3 - 5*g**2/2 + 17*g. What is the units digit of b(o)?
5
Let p(n) = 11*n**2 - 13*n + 10. Let v be p(-15). What is the hundreds digit of v/22 - (-2)/11?
1
Let y be 2/(4/(-2)) - (29 + -31). Let c(f) = f**2 + 3*f + 3. Let z be c(-4). Let r = z + y. What is the units digit of r?
8
Let o(x) = -x**3 + 9*x**2 + x - 12. Suppose -4*d - 5*t + 28 = 0, -4*t = -2*d - 5*t + 14. What is the units digit of o(d)?
3
Let b = 0 - -8. Let s(w) = -4 - 2*w - 2*w + b. What is the tens digit of s(-7)?
3
Suppose 4*m - u + 198 = 0, 25 = 2*m - 2*u + 121. Let y = m - -72. What is the tens digit of y?
2
Suppose 0 = -2*r + 6, m - 4*r = -8*r + 12. Let u(o) = o - 16. Let i be u(16). Suppose m*w - w + 28 = i. What is the units digit of w?
8
Suppose 5*y = -2*s + 67 + 9, -3*s = 3*y - 114. Suppose u - s - 13 = 0. What is the tens digit of u?
5
What is the thousands digit of 52/91 - (72708/(-14) + -4)?
5
Suppose 14235 = 5*z - 5*i, -z + 3*i + 2867 = 7*i. What is the hundreds digit of z?
8
Let m(g) = 10*g - 47. What is the hundreds digit of m(16)?
1
What is the tens digit of 1*2 + 12420/(2 + 8)?
4
Let t = 9 - 4. Suppose 4*c - 32 = g, 2 = 2*c - t*g - 14. What is the units digit of (-24)/(c/6 - 2)?
6
Let s = 62 - 46. Suppose -s*i - 4 = -17*i. What is the units digit of i?
4
Let q(h) = -22*h + 21. Let w be q(-9). Let c = -139 + w. What is the tens digit of c?
8
Let j(s) be the second derivative of -s**5/10 - s**4/4 + 5*s**3/6 - 3*s**2 - 20*s. What is the units digit of j(-4)?
4
Let q = -747 + 1304. What is the hundreds digit of q?
5
Let r(k) = -6*k**2 + 6*k - 6. Let q(d) = 18*d**2 - 17*d + 18. Let y(x) = 3*q(x) + 8*r(x). What is the units digit of y(4)?
0
Suppose -12*a - 14*a + 46046 = 0. What is the thousands digit of a?
1
Let z(l) = -l**3 + 11*l**2 + 2*l - 16. Let i be z(11). Suppose 108 = i*b - 54. What is the units digit of b?
7
Let n(l) = 17*l**2 - 3 - 13*l + 28*l - 11*l. What is the tens digit of n(1)?
1
Let c(f) = 2*f**3 + 31*f**2 - f + 32. What is the units digit of c(-14)?
4
Let h = -4072 - -5837. What is the hundreds digit of h?
7
Let v(i) = i**3 + 3*i**2 - 6*i + 5. Let u be v(-4). Let g(a) = 23*a - 8. What is the tens digit of g(u)?
9
Suppose 4*x + 2*b = -b + 883, 0 = -3*x + 2*b + 641. Suppose -7*f + 0*f + x = 0. What is the tens digit of f?
3
What is the tens digit of 246 + (-1)/((-3 - -7) + -5)?
4
Suppose -8*v = -13*v - 180. Let t = 82 + v. What is the units digit of t?
6
Let v(k) = 7*k**3 - 2*k**2 + 13. Let f(x) = -13*x**3 + 3*x**2 - 25. Let j(b) = -6*f(b) - 11*v(b). What is the units digit of j(-3)?
6
Let n = 15 - 9. Suppose 3*r - n = 0, 2*r + 56 = 2*m + 4*r. Suppose -m = -d - 4*u + 3*u, 5*u + 180 = 5*d. What is the tens digit of d?
3
Let p(l) = 6*l + 5. Let o(g) be the second derivative of g**3/3 - 5*g**2/2 + 7*g. Let r be o(6). What is the units digit of p(r)?
7
Let k = 16 + -58. Let q = k + 62. What is the tens digit of q?
2
Let g be (5 - 4)*1 + 78 + 3. What is the tens digit of -2 - -3 - g*-1?
8
Let g(p) = 6*p + 23. Let a be g(-3). Suppose l - 5*l - 5*m = -347, l - a*m - 118 = 0. What is the units digit of l?
3
What is the units digit of 9140223/2919 - (-1)/((-14)/4)?
1
Suppose -3*h = 2*y - 467, -5*h - 4*y + 1146 = 365. What is the hundreds digit of h?
1
Suppose -164 = 36*n - 6212. What is the hundreds digit of n?
1
Let j be (-2)/((-22)/(-6) - 3). What is the units digit of j/(-4) + 1940/16?
2
Let j = -156 - -150. What is the units digit of (j/18)/(1/(-108))?
6
What is the tens digit of -3 - (-12)/2 - -485?
8
What is the thousands digit of (28/6)/(6/3681)?
2
Let m(l) = l**3 + 4*l**2 + 4*l. Let a be m(-4). Let b(n) = -n**3 + 11*n**2 - 9*n - 3. Let r be b(10). Let i = r - a. What is the units digit of i?
3
Suppose -3*v - 154 = -c, -2*v - v - 149 = -2*c. Let y = v + 74. What is the units digit of y?
1
Suppose -4 = 4*u, -4*u - u + 270 = 5*h. What is the units digit of h?
5
Suppose 15*u + 9795 - 75285 = 0. What is the thousands digit of u?
4
Suppose 0 = 5*x - 4*h - 2221, 0*h = -2*x + 5*h + 902. What is the hundreds digit of x?
4
Let f = -45 + 93. What is the tens digit of (333/(-12))/((-18)/f)?
7
Let p be -4 - 244/(-28) - 24/(-84). Let v(y) = y + 3. Let r be v(4). Suppose -3 = -2*q + 3*h + r, q - 5 = -p*h. What is the units digit of q?
5
Suppose 3*b + 2 = -4*a, a - 1 = b - 5. Suppose b*p - 40 = 14. What is the tens digit of p?
2
Let s(o) be the second derivative of 3*o**5/20 - 4*o**4/3 + 7*o**3/6 - 2*o**2 + 21*o. What is the units digit of s(6)?
0
Let p(o) = -o**3 - 17*o**2 - 29*o + 18. Let v be p(-15). Suppose -w + 2*s = -120, -v*s + 8 = s. What is the units digit of w?
4
Let w be 4/24 + ((-170)/12)/(-5). What is the units digit of (53 + -2 + w)*2?
8
Let j be 56/(-12) - (-1)/(-3). Let d(k) = -4*k**2 - k + 1 + 3*k**2 - k**3 + 0*k - 4*k**2. What is the units digit of d(j)?
6
Let u(h) = -h**3 - 5*h**2 - 15*h - 31. What is the hundreds digit of u(-8)?
2
Let g = 8611 - 2937. What is the hundreds digit of g?
6
Let q(u) = -2*u + 11*u - 1 + u + 4. Let g be q(3). Suppose 5*m - g = 22. What is the tens digit of m?
1
Suppose -r - 23184 = -13*r. What is the thousands digit of r?
1
Let o(b) be the second derivative of -16*b**3/3 - 3*b**2/2 + 3*b. Suppose 6*k + 5*r = 3*k - 23, -4*k - 16 = 3*r. What is the tens digit of o(k)?
2
Suppose 22 + 13 = 5*t. Suppose q - 26 + 2 = 0. Let s = q - t. What is the units digit of s?
7
Suppose 2*j